{"id":259,"date":"2018-02-15T22:12:44","date_gmt":"2018-02-15T22:12:44","guid":{"rendered":"http:\/\/paginas.facmed.unam.mx\/gaceta\/?page_id=259"},"modified":"2018-03-23T18:30:32","modified_gmt":"2018-03-23T18:30:32","slug":"salud","status":"publish","type":"page","link":"https:\/\/gaceta.facmed.unam.mx\/index.php\/salud\/","title":{"rendered":"+Salud"},"content":{"rendered":"<p>[et_pb_section fb_built=&#8221;1&#8243; admin_label=&#8221;section&#8221; _builder_version=&#8221;3.0.47&#8243;][et_pb_row _builder_version=&#8221;3.0.94&#8243;][et_pb_column type=&#8221;3_4&#8243; _builder_version=&#8221;3.0.94&#8243; parallax=&#8221;off&#8221; parallax_method=&#8221;on&#8221;][et_pb_text _builder_version=&#8221;3.0.94&#8243; header_font=&#8221;||||||||&#8221; header_font_size=&#8221;46px&#8221; border_width_bottom=&#8221;1px&#8221; border_color_bottom=&#8221;#b5b5b5&#8243;]<\/p>\n<h1>+SALUD<\/h1>\n<p>[\/et_pb_text][et_pb_text _builder_version=&#8221;3.0.106&#8243;]<\/p>\n<p>Dirigido a la poblaci\u00f3n en general con el fin de fomentar la prevenci\u00f3n de las enfermedades y promover la salud.<\/p>\n<p>Con entrevistas a los acad\u00e9micos e investigadores de la Facultad de Medicina UNAM, difunde de manera sencilla, veraz y confiable temas de salud.<\/p>\n<p>Se trasmite por el 8.60 de A.M. y por <a href=\"http:\/\/www.radio.unam.mx\">www.radio.unam.mx<\/a> , todos los jueves de las 12:00 a 13:00 horas.<\/p>\n<p>[\/et_pb_text][et_pb_blog fullwidth=&#8221;off&#8221; posts_number=&#8221;10&#8243; include_categories=&#8221;10&#8243; show_author=&#8221;off&#8221; offset_number=&#8221;0&#8243; _builder_version=&#8221;3.0.94&#8243; header_font=&#8221;||||||||&#8221; header_text_color=&#8221;#0c71c3&#8243; border_width_top=&#8221;14px&#8221; border_color_top=&#8221;#0c71c3&#8243; box_shadow_style=&#8221;preset2&#8243;][\/et_pb_blog][\/et_pb_column][et_pb_column type=&#8221;1_4&#8243; _builder_version=&#8221;3.0.94&#8243; parallax=&#8221;off&#8221; parallax_method=&#8221;on&#8221;][et_pb_sidebar _builder_version=&#8221;3.0.94&#8243;][\/et_pb_sidebar][\/et_pb_column][\/et_pb_row][\/et_pb_section]<\/p>\n","protected":false},"excerpt":{"rendered":"<p>+SALUDDirigido a la poblaci\u00f3n en general con el fin de fomentar la prevenci\u00f3n de las enfermedades y promover la salud. Con entrevistas a los acad\u00e9micos e investigadores de la Facultad de Medicina UNAM, difunde de manera sencilla, veraz y confiable temas de salud. Se trasmite por el 8.60 de A.M. y por www.radio.unam.mx , todos [&hellip;]<\/p>\n","protected":false},"author":1,"featured_media":0,"parent":0,"menu_order":0,"comment_status":"closed","ping_status":"closed","template":"","meta":{"_acf_changed":false,"_et_pb_use_builder":"on","_et_pb_old_content":"","_et_gb_content_width":"","jetpack_post_was_ever_published":false,"footnotes":""},"class_list":["post-259","page","type-page","status-publish","hentry"],"acf":false,"jetpack_sharing_enabled":true,"jetpack_shortlink":"https:\/\/wp.me\/PaVGDG-4b","_links":{"self":[{"href":"https:\/\/gaceta.facmed.unam.mx\/index.php\/wp-json\/wp\/v2\/pages\/259","targetHints":{"allow":["GET"]}}],"collection":[{"href":"https:\/\/gaceta.facmed.unam.mx\/index.php\/wp-json\/wp\/v2\/pages"}],"about":[{"href":"https:\/\/gaceta.facmed.unam.mx\/index.php\/wp-json\/wp\/v2\/types\/page"}],"author":[{"embeddable":true,"href":"https:\/\/gaceta.facmed.unam.mx\/index.php\/wp-json\/wp\/v2\/users\/1"}],"replies":[{"embeddable":true,"href":"https:\/\/gaceta.facmed.unam.mx\/index.php\/wp-json\/wp\/v2\/comments?post=259"}],"version-history":[{"count":6,"href":"https:\/\/gaceta.facmed.unam.mx\/index.php\/wp-json\/wp\/v2\/pages\/259\/revisions"}],"predecessor-version":[{"id":2211,"href":"https:\/\/gaceta.facmed.unam.mx\/index.php\/wp-json\/wp\/v2\/pages\/259\/revisions\/2211"}],"wp:attachment":[{"href":"https:\/\/gaceta.facmed.unam.mx\/index.php\/wp-json\/wp\/v2\/media?parent=259"}],"curies":[{"name":"wp","href":"https:\/\/api.w.org\/{rel}","templated":true}]}}