{"id":283,"date":"2018-02-15T22:17:27","date_gmt":"2018-02-15T22:17:27","guid":{"rendered":"http:\/\/paginas.facmed.unam.mx\/gaceta\/?page_id=283"},"modified":"2019-04-08T16:02:58","modified_gmt":"2019-04-08T16:02:58","slug":"inicio","status":"publish","type":"page","link":"https:\/\/gaceta.facmed.unam.mx\/index.php\/inicio\/","title":{"rendered":"Inicio"},"content":{"rendered":"<p>[et_pb_section fb_built=&#8221;1&#8243; fullwidth=&#8221;on&#8221; _builder_version=&#8221;3.21.4&#8243;][et_pb_fullwidth_post_slider more_text=&#8221;Leer m\u00e1s&#8221; show_meta=&#8221;off&#8221; _builder_version=&#8221;3.21.4&#8243; include_categories=&#8221;125,7,9,6,193,4,5,16,92&#8243; bg_overlay_color=&#8221;rgba(0,0,0,0.46)&#8221; posts_number=&#8221;4&#8243;][\/et_pb_fullwidth_post_slider][\/et_pb_section][et_pb_section fb_built=&#8221;1&#8243; _builder_version=&#8221;3.0.106&#8243; background_color=&#8221;#efefef&#8221; custom_padding=&#8221;124px|0px|0px|0px|false|false&#8221;][et_pb_row custom_padding=&#8221;0|0px|75px|0px&#8221; _builder_version=&#8221;3.21.4&#8243;][et_pb_column type=&#8221;4_4&#8243; _builder_version=&#8221;3.0.47&#8243;][et_pb_blog fullwidth=&#8221;off&#8221; posts_number=&#8221;12&#8243; include_categories=&#8221;7,1,125,193,5,16,4,6,92&#8243; show_author=&#8221;off&#8221; _builder_version=&#8221;3.21.4&#8243; header_font=&#8221;||||||||&#8221; header_text_color=&#8221;#0c71c3&#8243; border_radii=&#8221;on|10px|10px|10px|10px&#8221; box_shadow_style=&#8221;preset2&#8243;][\/et_pb_blog][\/et_pb_column][\/et_pb_row][\/et_pb_section][et_pb_section fb_built=&#8221;1&#8243; _builder_version=&#8221;3.15&#8243; background_color=&#8221;#e09900&#8243; custom_padding=&#8221;54px|0px|65px|0px&#8221;][et_pb_row _builder_version=&#8221;3.0.106&#8243;][et_pb_column type=&#8221;1_2&#8243; _builder_version=&#8221;3.0.47&#8243;][et_pb_image src=&#8221;http:\/\/liceaga.facmed.unam.mx\/publicaciones\/gaceta\/wp-content\/uploads\/2018\/08\/Mockup.png&#8221; _builder_version=&#8221;3.0.106&#8243;][\/et_pb_image][\/et_pb_column][et_pb_column type=&#8221;1_2&#8243; _builder_version=&#8221;3.0.47&#8243;][et_pb_text _builder_version=&#8221;3.15&#8243; text_font=&#8221;||||||||&#8221; header_font=&#8221;||||||||&#8221; header_text_color=&#8221;#ffffff&#8221; header_font_size=&#8221;54px&#8221; custom_margin=&#8221;20%|||&#8221;]<\/p>\n<h1 style=\"text-align: center;\">Descarga la Aplicaci\u00f3n<\/h1>\n<p>[\/et_pb_text][et_pb_image src=&#8221;http:\/\/liceaga.facmed.unam.mx\/publicaciones\/gaceta\/wp-content\/uploads\/2018\/07\/GOOGLE.png&#8221; url=&#8221;https:\/\/play.google.com\/store\/apps\/details?id=ib.facmed.unam.mx.gacetaFacMed&#8221; url_new_window=&#8221;on&#8221; align=&#8221;center&#8221; _builder_version=&#8221;3.0.106&#8243; max_width=&#8221;55%&#8221;][\/et_pb_image][et_pb_image src=&#8221;http:\/\/liceaga.facmed.unam.mx\/publicaciones\/gaceta\/wp-content\/uploads\/2018\/07\/APPSTERE.png&#8221; url=&#8221;https:\/\/itunes.apple.com\/mx\/app\/gaceta-fm\/id1412491098?mt=8&#8243; url_new_window=&#8221;on&#8221; align=&#8221;center&#8221; _builder_version=&#8221;3.0.106&#8243; max_width=&#8221;55%&#8221;][\/et_pb_image][\/et_pb_column][\/et_pb_row][\/et_pb_section]<\/p>\n","protected":false},"excerpt":{"rendered":"<p>El coro de La triple A, conformado por alumnos de las facultades de Qu\u00edmica (Alquimistas), de Ingenier\u00eda (Ars Iovialis) y de Medicina (Aliis Vivere), de la UNAM, bajo la direcci\u00f3n del maestro \u00d3scar Herrera, present\u00f3 el Concierto Navide\u00f1o que fue en el auditorio \u201cDoctor Raoul Fournier Villada\u201d.<\/p>\n","protected":false},"author":1,"featured_media":7024,"parent":0,"menu_order":0,"comment_status":"closed","ping_status":"closed","template":"","meta":{"_acf_changed":false,"_et_pb_use_builder":"on","_et_pb_old_content":"","_et_gb_content_width":"","jetpack_post_was_ever_published":false,"footnotes":""},"class_list":["post-283","page","type-page","status-publish","has-post-thumbnail","hentry"],"acf":false,"jetpack_sharing_enabled":true,"jetpack_shortlink":"https:\/\/wp.me\/PaVGDG-4z","_links":{"self":[{"href":"https:\/\/gaceta.facmed.unam.mx\/index.php\/wp-json\/wp\/v2\/pages\/283","targetHints":{"allow":["GET"]}}],"collection":[{"href":"https:\/\/gaceta.facmed.unam.mx\/index.php\/wp-json\/wp\/v2\/pages"}],"about":[{"href":"https:\/\/gaceta.facmed.unam.mx\/index.php\/wp-json\/wp\/v2\/types\/page"}],"author":[{"embeddable":true,"href":"https:\/\/gaceta.facmed.unam.mx\/index.php\/wp-json\/wp\/v2\/users\/1"}],"replies":[{"embeddable":true,"href":"https:\/\/gaceta.facmed.unam.mx\/index.php\/wp-json\/wp\/v2\/comments?post=283"}],"version-history":[{"count":623,"href":"https:\/\/gaceta.facmed.unam.mx\/index.php\/wp-json\/wp\/v2\/pages\/283\/revisions"}],"predecessor-version":[{"id":8549,"href":"https:\/\/gaceta.facmed.unam.mx\/index.php\/wp-json\/wp\/v2\/pages\/283\/revisions\/8549"}],"wp:featuredmedia":[{"embeddable":true,"href":"https:\/\/gaceta.facmed.unam.mx\/index.php\/wp-json\/wp\/v2\/media\/7024"}],"wp:attachment":[{"href":"https:\/\/gaceta.facmed.unam.mx\/index.php\/wp-json\/wp\/v2\/media?parent=283"}],"curies":[{"name":"wp","href":"https:\/\/api.w.org\/{rel}","templated":true}]}}